{"id":8,"date":"2021-04-28T05:19:50","date_gmt":"2021-04-28T03:19:50","guid":{"rendered":"http:\/\/torun.sportrebel.pl\/?page_id=8"},"modified":"2025-11-20T12:24:12","modified_gmt":"2025-11-20T11:24:12","slug":"sportrebel-poznan","status":"publish","type":"page","link":"https:\/\/torun.sportrebel.pl\/","title":{"rendered":"SportRebel Toru\u0144"},"content":{"rendered":"\n<div class=\"wp-block-group\"><div class=\"wp-block-group__inner-container is-layout-flow wp-block-group-is-layout-flow\">\n<h3 class=\"wp-block-heading title-block uppercase\">SportRebel Toru\u0144<\/h3>\n\n\n\n<div class=\"wp-block-columns orange-panel has-background is-layout-flex wp-container-core-columns-is-layout-9d6595d7 wp-block-columns-is-layout-flex\" style=\"background-color:#ee6119\">\n<div class=\"wp-block-column text-col is-layout-flow wp-block-column-is-layout-flow\" style=\"flex-basis:70%\">\n<h2 class=\"wp-block-heading\">Zapraszamy do specjalistycznego sklepu rolkowo\/\u0142y\u017cwowego SPORTREBEL TORU\u0143!<\/h2>\n\n\n\n<p>Sklep oferuje najwi\u0119kszy wyb\u00f3r \u0142y\u017cew rekreacyjnych, hokejowych i dla dzieci, takich marek jak&nbsp;<strong>TEMPISH, Bauer, Edea, Risport, Rollerblade.<\/strong><\/p>\n\n\n\n<div class=\"wp-block-buttons is-horizontal is-content-justification-center is-layout-flex wp-container-core-buttons-is-layout-499968f5 wp-block-buttons-is-layout-flex\">\n<div class=\"wp-block-button\"><a class=\"wp-block-button__link wp-element-button\" href=\"https:\/\/g.page\/sportrebeltorun?share\">Sprawd\u017a dojazd<\/a><\/div>\n<\/div>\n<\/div>\n\n\n\n<div class=\"wp-block-column is-layout-flow wp-block-column-is-layout-flow\" style=\"flex-basis:30%\">\n<figure class=\"wp-block-image size-full\"><img loading=\"lazy\" decoding=\"async\" width=\"757\" height=\"739\" src=\"https:\/\/torun.sportrebel.pl\/wp-content\/uploads\/2025\/11\/6-Lyzwy-figurowe-Tempish-Giulia-Black-Plus-1300001626_0x850.png\" alt=\"\" class=\"wp-image-388\" srcset=\"https:\/\/torun.sportrebel.pl\/wp-content\/uploads\/2025\/11\/6-Lyzwy-figurowe-Tempish-Giulia-Black-Plus-1300001626_0x850.png 757w, https:\/\/torun.sportrebel.pl\/wp-content\/uploads\/2025\/11\/6-Lyzwy-figurowe-Tempish-Giulia-Black-Plus-1300001626_0x850-300x293.png 300w\" sizes=\"auto, (max-width: 757px) 100vw, 757px\" \/><\/figure>\n<\/div>\n<\/div>\n\n\n\n<h1 class=\"wp-block-heading title-block title-slim\">Du\u017cy wyb\u00f3r rozmiar\u00f3w,<br>fachowa obs\u0142uga<br>i bezpieczne zakupy<\/h1>\n\n\n\n<div class=\"wp-block-columns trzy-obrazki is-layout-flex wp-container-core-columns-is-layout-9d6595d7 wp-block-columns-is-layout-flex\">\n<div class=\"wp-block-column trzy-obrazki-pierwszy is-layout-flow wp-block-column-is-layout-flow\">\n<figure class=\"wp-block-image size-full\"><img loading=\"lazy\" decoding=\"async\" width=\"1920\" height=\"2560\" src=\"https:\/\/torun.sportrebel.pl\/wp-content\/uploads\/2022\/10\/IMG_0861-scaled.jpg\" alt=\"\" class=\"wp-image-332\" srcset=\"https:\/\/torun.sportrebel.pl\/wp-content\/uploads\/2022\/10\/IMG_0861-scaled.jpg 1920w, https:\/\/torun.sportrebel.pl\/wp-content\/uploads\/2022\/10\/IMG_0861-225x300.jpg 225w, https:\/\/torun.sportrebel.pl\/wp-content\/uploads\/2022\/10\/IMG_0861-768x1024.jpg 768w, https:\/\/torun.sportrebel.pl\/wp-content\/uploads\/2022\/10\/IMG_0861-1152x1536.jpg 1152w, https:\/\/torun.sportrebel.pl\/wp-content\/uploads\/2022\/10\/IMG_0861-1536x2048.jpg 1536w\" sizes=\"auto, (max-width: 1920px) 100vw, 1920px\" \/><\/figure>\n<\/div>\n\n\n\n<div class=\"wp-block-column trzy-obrazki-drugi is-layout-flow wp-block-column-is-layout-flow\">\n<figure class=\"wp-block-image size-full\"><img loading=\"lazy\" decoding=\"async\" width=\"2560\" height=\"1920\" src=\"https:\/\/torun.sportrebel.pl\/wp-content\/uploads\/2022\/10\/IMG_0860-scaled.jpg\" alt=\"\" class=\"wp-image-331\" srcset=\"https:\/\/torun.sportrebel.pl\/wp-content\/uploads\/2022\/10\/IMG_0860-scaled.jpg 2560w, https:\/\/torun.sportrebel.pl\/wp-content\/uploads\/2022\/10\/IMG_0860-300x225.jpg 300w, https:\/\/torun.sportrebel.pl\/wp-content\/uploads\/2022\/10\/IMG_0860-1024x768.jpg 1024w, https:\/\/torun.sportrebel.pl\/wp-content\/uploads\/2022\/10\/IMG_0860-768x576.jpg 768w, https:\/\/torun.sportrebel.pl\/wp-content\/uploads\/2022\/10\/IMG_0860-1536x1152.jpg 1536w, https:\/\/torun.sportrebel.pl\/wp-content\/uploads\/2022\/10\/IMG_0860-2048x1536.jpg 2048w\" sizes=\"auto, (max-width: 2560px) 100vw, 2560px\" \/><\/figure>\n<\/div>\n\n\n\n<div class=\"wp-block-column trzy-obrazki-trzeci is-layout-flow wp-block-column-is-layout-flow\">\n<figure class=\"wp-block-image size-full\"><img loading=\"lazy\" decoding=\"async\" width=\"1920\" height=\"2560\" src=\"https:\/\/torun.sportrebel.pl\/wp-content\/uploads\/2022\/10\/IMG_0858-scaled.jpg\" alt=\"\" class=\"wp-image-333\" srcset=\"https:\/\/torun.sportrebel.pl\/wp-content\/uploads\/2022\/10\/IMG_0858-scaled.jpg 1920w, https:\/\/torun.sportrebel.pl\/wp-content\/uploads\/2022\/10\/IMG_0858-225x300.jpg 225w, https:\/\/torun.sportrebel.pl\/wp-content\/uploads\/2022\/10\/IMG_0858-768x1024.jpg 768w, https:\/\/torun.sportrebel.pl\/wp-content\/uploads\/2022\/10\/IMG_0858-1152x1536.jpg 1152w, https:\/\/torun.sportrebel.pl\/wp-content\/uploads\/2022\/10\/IMG_0858-1536x2048.jpg 1536w\" sizes=\"auto, (max-width: 1920px) 100vw, 1920px\" \/><\/figure>\n<\/div>\n<\/div>\n\n\n\n<h1 class=\"wp-block-heading title-block title-slim\">Je\u015bli masz pytania, <br>skontaktuj si\u0119 z nami!<\/h1>\n\n\n\n<div class=\"wp-block-columns shop-container has-background is-layout-flex wp-container-core-columns-is-layout-9d6595d7 wp-block-columns-is-layout-flex\" style=\"background-color:#f5f6f7\">\n<div class=\"wp-block-column is-layout-flow wp-block-column-is-layout-flow\">\n<h1 class=\"wp-block-heading has-text-align-center\">Zapraszamy<\/h1>\n\n\n\n<p class=\"has-text-align-center\"><a href=\"https:\/\/g.page\/sportrebeltorun?share\" data-type=\"URL\"><br>ul. Genera\u0142a J\u00f3zefa Bema 23<br>87-100 Toru\u0144<\/a><br>Telefon: <a href=\"tel:+48506196076\" data-type=\"tel\">+48 506 196 076<\/a><\/p>\n\n\n\n<h6 class=\"wp-block-heading has-text-align-center\"><strong>BEZP\u0141ATNY PARKING I WYGODNE ZAKUPY<\/strong><\/h6>\n\n\n\n<div class=\"wp-block-buttons is-horizontal is-content-justification-center is-layout-flex wp-container-core-buttons-is-layout-499968f5 wp-block-buttons-is-layout-flex\">\n<div class=\"wp-block-button\"><a class=\"wp-block-button__link wp-element-button\" href=\"https:\/\/g.page\/sportrebeltorun?share\">Sprawd\u017a dojazd<\/a><\/div>\n<\/div>\n<\/div>\n\n\n\n<div class=\"wp-block-column is-layout-flow wp-block-column-is-layout-flow\">\n<figure class=\"wp-block-image size-large\"><img loading=\"lazy\" decoding=\"async\" width=\"1024\" height=\"768\" src=\"http:\/\/torun.sportrebel.pl\/wp-content\/uploads\/2021\/10\/obraz_2021-10-07_082338-1024x768.png\" alt=\"\" class=\"wp-image-241\" srcset=\"https:\/\/torun.sportrebel.pl\/wp-content\/uploads\/2021\/10\/obraz_2021-10-07_082338-1024x768.png 1024w, https:\/\/torun.sportrebel.pl\/wp-content\/uploads\/2021\/10\/obraz_2021-10-07_082338-300x225.png 300w, https:\/\/torun.sportrebel.pl\/wp-content\/uploads\/2021\/10\/obraz_2021-10-07_082338-768x576.png 768w, https:\/\/torun.sportrebel.pl\/wp-content\/uploads\/2021\/10\/obraz_2021-10-07_082338-1536x1152.png 1536w, https:\/\/torun.sportrebel.pl\/wp-content\/uploads\/2021\/10\/obraz_2021-10-07_082338.png 2048w\" sizes=\"auto, (max-width: 1024px) 100vw, 1024px\" \/><\/figure>\n<\/div>\n<\/div>\n\n\n\n<div class=\"wp-block-columns orange-panel has-background is-layout-flex wp-container-core-columns-is-layout-9d6595d7 wp-block-columns-is-layout-flex\" style=\"background-color:#ee6119\">\n<div class=\"wp-block-column text-col is-layout-flow wp-block-column-is-layout-flow\" style=\"flex-basis:70%\">\n<h2 class=\"wp-block-heading\">Prowadzimy tak\u017ce wykwalifikowany serwis \u0142y\u017cew, gdzie wykonujemy znakomite ostrzenie na markowych maszynach BLADEMASTER.<\/h2>\n\n\n\n<p>Nasz serwis prowadza wykwalifikowani pracownicy, posiadaj\u0105cy wieloletnie do\u015bwiadczenie w ostrzeniu i naprawie \u0142y\u017cew.<\/p>\n\n\n\n<div class=\"wp-block-buttons is-horizontal is-content-justification-center is-layout-flex wp-container-core-buttons-is-layout-499968f5 wp-block-buttons-is-layout-flex\">\n<div class=\"wp-block-button\"><a class=\"wp-block-button__link wp-element-button\" href=\"https:\/\/g.page\/sportrebeltorun?share\">Sprawd\u017a dojazd<\/a><\/div>\n<\/div>\n<\/div>\n\n\n\n<div class=\"wp-block-column is-layout-flow wp-block-column-is-layout-flow\" style=\"flex-basis:30%\">\n<figure class=\"wp-block-image size-large\"><img loading=\"lazy\" decoding=\"async\" width=\"1024\" height=\"780\" src=\"https:\/\/torun.sportrebel.pl\/wp-content\/uploads\/2023\/10\/Jessica-1024x780.webp\" alt=\"\" class=\"wp-image-367\" srcset=\"https:\/\/torun.sportrebel.pl\/wp-content\/uploads\/2023\/10\/Jessica-1024x780.webp 1024w, https:\/\/torun.sportrebel.pl\/wp-content\/uploads\/2023\/10\/Jessica-300x228.webp 300w, https:\/\/torun.sportrebel.pl\/wp-content\/uploads\/2023\/10\/Jessica-768x585.webp 768w, https:\/\/torun.sportrebel.pl\/wp-content\/uploads\/2023\/10\/Jessica.webp 1141w\" sizes=\"auto, (max-width: 1024px) 100vw, 1024px\" \/><\/figure>\n<\/div>\n<\/div>\n\n\n\n<h1 class=\"wp-block-heading title-block title-slim\">Je\u015bli masz pytania, <br>skontaktuj si\u0119 z nami!<\/h1>\n\n\n\n<div class=\"wp-block-columns trzy-obrazki is-layout-flex wp-container-core-columns-is-layout-9d6595d7 wp-block-columns-is-layout-flex\">\n<div class=\"wp-block-column trzy-obrazki-pierwszy is-layout-flow wp-block-column-is-layout-flow\">\n<figure class=\"wp-block-image size-full\"><img loading=\"lazy\" decoding=\"async\" width=\"1707\" height=\"2560\" src=\"https:\/\/torun.sportrebel.pl\/wp-content\/uploads\/2021\/10\/1TAK-1-scaled.jpg\" alt=\"\" class=\"wp-image-273\" srcset=\"https:\/\/torun.sportrebel.pl\/wp-content\/uploads\/2021\/10\/1TAK-1-scaled.jpg 1707w, https:\/\/torun.sportrebel.pl\/wp-content\/uploads\/2021\/10\/1TAK-1-200x300.jpg 200w, https:\/\/torun.sportrebel.pl\/wp-content\/uploads\/2021\/10\/1TAK-1-683x1024.jpg 683w, https:\/\/torun.sportrebel.pl\/wp-content\/uploads\/2021\/10\/1TAK-1-768x1152.jpg 768w, https:\/\/torun.sportrebel.pl\/wp-content\/uploads\/2021\/10\/1TAK-1-1024x1536.jpg 1024w, https:\/\/torun.sportrebel.pl\/wp-content\/uploads\/2021\/10\/1TAK-1-1365x2048.jpg 1365w\" sizes=\"auto, (max-width: 1707px) 100vw, 1707px\" \/><\/figure>\n<\/div>\n\n\n\n<div class=\"wp-block-column trzy-obrazki-drugi is-layout-flow wp-block-column-is-layout-flow\">\n<figure class=\"wp-block-image size-full\"><img loading=\"lazy\" decoding=\"async\" width=\"2560\" height=\"2560\" src=\"https:\/\/torun.sportrebel.pl\/wp-content\/uploads\/2021\/10\/2TAK-scaled.jpg\" alt=\"\" class=\"wp-image-254\" srcset=\"https:\/\/torun.sportrebel.pl\/wp-content\/uploads\/2021\/10\/2TAK-scaled.jpg 2560w, https:\/\/torun.sportrebel.pl\/wp-content\/uploads\/2021\/10\/2TAK-300x300.jpg 300w, https:\/\/torun.sportrebel.pl\/wp-content\/uploads\/2021\/10\/2TAK-1024x1024.jpg 1024w, https:\/\/torun.sportrebel.pl\/wp-content\/uploads\/2021\/10\/2TAK-150x150.jpg 150w, https:\/\/torun.sportrebel.pl\/wp-content\/uploads\/2021\/10\/2TAK-768x768.jpg 768w, https:\/\/torun.sportrebel.pl\/wp-content\/uploads\/2021\/10\/2TAK-1536x1536.jpg 1536w, https:\/\/torun.sportrebel.pl\/wp-content\/uploads\/2021\/10\/2TAK-2048x2048.jpg 2048w\" sizes=\"auto, (max-width: 2560px) 100vw, 2560px\" \/><\/figure>\n<\/div>\n\n\n\n<div class=\"wp-block-column trzy-obrazki-trzeci is-layout-flow wp-block-column-is-layout-flow\">\n<figure class=\"wp-block-image size-full\"><img loading=\"lazy\" decoding=\"async\" width=\"1707\" height=\"2560\" src=\"https:\/\/torun.sportrebel.pl\/wp-content\/uploads\/2021\/10\/3TAK-1-scaled.jpg\" alt=\"\" class=\"wp-image-275\" srcset=\"https:\/\/torun.sportrebel.pl\/wp-content\/uploads\/2021\/10\/3TAK-1-scaled.jpg 1707w, https:\/\/torun.sportrebel.pl\/wp-content\/uploads\/2021\/10\/3TAK-1-200x300.jpg 200w, https:\/\/torun.sportrebel.pl\/wp-content\/uploads\/2021\/10\/3TAK-1-683x1024.jpg 683w, https:\/\/torun.sportrebel.pl\/wp-content\/uploads\/2021\/10\/3TAK-1-768x1152.jpg 768w, https:\/\/torun.sportrebel.pl\/wp-content\/uploads\/2021\/10\/3TAK-1-1024x1536.jpg 1024w, https:\/\/torun.sportrebel.pl\/wp-content\/uploads\/2021\/10\/3TAK-1-1365x2048.jpg 1365w\" sizes=\"auto, (max-width: 1707px) 100vw, 1707px\" \/><\/figure>\n<\/div>\n<\/div>\n\n\n\n<h1 class=\"wp-block-heading title-block title-slim\">Odwied\u017a sklep<br>online SPORTREBEL.pl<br>i odbierz zakupy osobi\u015bcie!<\/h1>\n\n\n\n<div class=\"wp-block-columns shop-container shop-reverse has-background is-layout-flex wp-container-core-columns-is-layout-9d6595d7 wp-block-columns-is-layout-flex\" style=\"background-color:#f5f6f7\">\n<div class=\"wp-block-column is-layout-flow wp-block-column-is-layout-flow\">\n<h1 class=\"wp-block-heading has-text-align-center\">Zapraszamy<\/h1>\n\n\n\n<p class=\"has-text-align-center\"><strong>Godziny otwarcia sklepu<\/strong><br>Pon.-Pt.: 10:00 &#8211; 18:00<br>Sobota: 9:00 &#8211; 14:00<\/p>\n\n\n\n<div class=\"wp-block-buttons is-horizontal is-content-justification-center is-layout-flex wp-container-core-buttons-is-layout-499968f5 wp-block-buttons-is-layout-flex\">\n<div class=\"wp-block-button\"><a class=\"wp-block-button__link wp-element-button\" href=\"https:\/\/g.page\/sportrebeltorun?share\">Sprawd\u017a dojazd<\/a><\/div>\n<\/div>\n<\/div>\n\n\n\n<div class=\"wp-block-column is-layout-flow wp-block-column-is-layout-flow\">\n<figure class=\"wp-block-image size-large\"><img loading=\"lazy\" decoding=\"async\" width=\"1024\" height=\"768\" src=\"http:\/\/torun.sportrebel.pl\/wp-content\/uploads\/2021\/10\/obraz_2021-10-07_082351-1024x768.png\" alt=\"\" class=\"wp-image-242\" srcset=\"https:\/\/torun.sportrebel.pl\/wp-content\/uploads\/2021\/10\/obraz_2021-10-07_082351-1024x768.png 1024w, https:\/\/torun.sportrebel.pl\/wp-content\/uploads\/2021\/10\/obraz_2021-10-07_082351-300x225.png 300w, https:\/\/torun.sportrebel.pl\/wp-content\/uploads\/2021\/10\/obraz_2021-10-07_082351-768x576.png 768w, https:\/\/torun.sportrebel.pl\/wp-content\/uploads\/2021\/10\/obraz_2021-10-07_082351-1536x1152.png 1536w, https:\/\/torun.sportrebel.pl\/wp-content\/uploads\/2021\/10\/obraz_2021-10-07_082351.png 2048w\" sizes=\"auto, (max-width: 1024px) 100vw, 1024px\" \/><\/figure>\n<\/div>\n<\/div>\n\n\n\n<div style=\"height:36px\" aria-hidden=\"true\" class=\"wp-block-spacer\"><\/div>\n\n\n\n<div class=\"wp-block-columns trzy-obrazki is-layout-flex wp-container-core-columns-is-layout-9d6595d7 wp-block-columns-is-layout-flex\">\n<div class=\"wp-block-column trzy-obrazki-pierwszy is-layout-flow wp-block-column-is-layout-flow\">\n<figure class=\"wp-block-image size-full\"><img loading=\"lazy\" decoding=\"async\" width=\"2560\" height=\"1707\" src=\"https:\/\/torun.sportrebel.pl\/wp-content\/uploads\/2023\/10\/Tempish_zima_301122130412-4-GOT-scaled.jpg\" alt=\"\" class=\"wp-image-370\" srcset=\"https:\/\/torun.sportrebel.pl\/wp-content\/uploads\/2023\/10\/Tempish_zima_301122130412-4-GOT-scaled.jpg 2560w, https:\/\/torun.sportrebel.pl\/wp-content\/uploads\/2023\/10\/Tempish_zima_301122130412-4-GOT-300x200.jpg 300w, https:\/\/torun.sportrebel.pl\/wp-content\/uploads\/2023\/10\/Tempish_zima_301122130412-4-GOT-1024x683.jpg 1024w, https:\/\/torun.sportrebel.pl\/wp-content\/uploads\/2023\/10\/Tempish_zima_301122130412-4-GOT-768x512.jpg 768w, https:\/\/torun.sportrebel.pl\/wp-content\/uploads\/2023\/10\/Tempish_zima_301122130412-4-GOT-1536x1024.jpg 1536w, https:\/\/torun.sportrebel.pl\/wp-content\/uploads\/2023\/10\/Tempish_zima_301122130412-4-GOT-2048x1365.jpg 2048w\" sizes=\"auto, (max-width: 2560px) 100vw, 2560px\" \/><\/figure>\n<\/div>\n\n\n\n<div class=\"wp-block-column trzy-obrazki-drugi is-layout-flow wp-block-column-is-layout-flow\">\n<figure class=\"wp-block-image size-full\"><img loading=\"lazy\" decoding=\"async\" width=\"1500\" height=\"1501\" src=\"https:\/\/torun.sportrebel.pl\/wp-content\/uploads\/2023\/10\/sesjazdjecie2.jpg\" alt=\"\" class=\"wp-image-369\" srcset=\"https:\/\/torun.sportrebel.pl\/wp-content\/uploads\/2023\/10\/sesjazdjecie2.jpg 1500w, https:\/\/torun.sportrebel.pl\/wp-content\/uploads\/2023\/10\/sesjazdjecie2-300x300.jpg 300w, https:\/\/torun.sportrebel.pl\/wp-content\/uploads\/2023\/10\/sesjazdjecie2-1024x1024.jpg 1024w, https:\/\/torun.sportrebel.pl\/wp-content\/uploads\/2023\/10\/sesjazdjecie2-150x150.jpg 150w, https:\/\/torun.sportrebel.pl\/wp-content\/uploads\/2023\/10\/sesjazdjecie2-768x769.jpg 768w\" sizes=\"auto, (max-width: 1500px) 100vw, 1500px\" \/><\/figure>\n<\/div>\n\n\n\n<div class=\"wp-block-column trzy-obrazki-trzeci is-layout-flow wp-block-column-is-layout-flow\">\n<figure class=\"wp-block-image size-full\"><img loading=\"lazy\" decoding=\"async\" width=\"1090\" height=\"1090\" src=\"https:\/\/torun.sportrebel.pl\/wp-content\/uploads\/2023\/10\/CN2_6056-683x1024-V2.jpg\" alt=\"\" class=\"wp-image-371\" srcset=\"https:\/\/torun.sportrebel.pl\/wp-content\/uploads\/2023\/10\/CN2_6056-683x1024-V2.jpg 1090w, https:\/\/torun.sportrebel.pl\/wp-content\/uploads\/2023\/10\/CN2_6056-683x1024-V2-300x300.jpg 300w, https:\/\/torun.sportrebel.pl\/wp-content\/uploads\/2023\/10\/CN2_6056-683x1024-V2-1024x1024.jpg 1024w, https:\/\/torun.sportrebel.pl\/wp-content\/uploads\/2023\/10\/CN2_6056-683x1024-V2-150x150.jpg 150w, https:\/\/torun.sportrebel.pl\/wp-content\/uploads\/2023\/10\/CN2_6056-683x1024-V2-768x768.jpg 768w\" sizes=\"auto, (max-width: 1090px) 100vw, 1090px\" \/><\/figure>\n<\/div>\n<\/div>\n\n\n\n<h1 class=\"wp-block-heading title-block title-slim\">Nie czekaj<br>i sprawd\u017a!<\/h1>\n\n\n\n<p class=\"has-text-align-center\">Mo\u017cesz te\u017c zam\u00f3wi\u0107 swoje \u0142y\u017cwy online<br>i odebra\u0107 towar osobi\u015bcie w naszym sklepie w Toruniu<\/p>\n\n\n\n<div class=\"wp-block-buttons is-horizontal is-content-justification-center is-layout-flex wp-container-core-buttons-is-layout-499968f5 wp-block-buttons-is-layout-flex\">\n<div class=\"wp-block-button btnout\"><a class=\"wp-block-button__link wp-element-button\" href=\"tel:+48506196076\" style=\"border-radius:10px\"><span class=\"dashicons dashicons-phone\"><\/span> 506 196 076<\/a><\/div>\n<\/div>\n\n\n\n<div class=\"wp-block-buttons is-horizontal is-content-justification-center is-layout-flex wp-container-core-buttons-is-layout-499968f5 wp-block-buttons-is-layout-flex\">\n<div class=\"wp-block-button btnout\"><a class=\"wp-block-button__link wp-element-button\" href=\"http:\/\/www.sportrebel.pl\" style=\"border-radius:10px\"><span class=\"dashicons dashicons-admin-site-alt3\"><\/span> www.sportrebel.pl<\/a><\/div>\n<\/div>\n\n\n\n<div class=\"wp-block-columns trzy-obrazki is-layout-flex wp-container-core-columns-is-layout-9d6595d7 wp-block-columns-is-layout-flex\">\n<div class=\"wp-block-column trzy-obrazki-pierwszy is-layout-flow wp-block-column-is-layout-flow\">\n<figure class=\"wp-block-image size-full\"><img loading=\"lazy\" decoding=\"async\" width=\"1707\" height=\"2560\" src=\"https:\/\/torun.sportrebel.pl\/wp-content\/uploads\/2023\/10\/Tempish_zima_301122132458-2-GOT-scaled.jpg\" alt=\"\" class=\"wp-image-368\" srcset=\"https:\/\/torun.sportrebel.pl\/wp-content\/uploads\/2023\/10\/Tempish_zima_301122132458-2-GOT-scaled.jpg 1707w, https:\/\/torun.sportrebel.pl\/wp-content\/uploads\/2023\/10\/Tempish_zima_301122132458-2-GOT-200x300.jpg 200w, https:\/\/torun.sportrebel.pl\/wp-content\/uploads\/2023\/10\/Tempish_zima_301122132458-2-GOT-683x1024.jpg 683w, https:\/\/torun.sportrebel.pl\/wp-content\/uploads\/2023\/10\/Tempish_zima_301122132458-2-GOT-768x1152.jpg 768w, https:\/\/torun.sportrebel.pl\/wp-content\/uploads\/2023\/10\/Tempish_zima_301122132458-2-GOT-1024x1536.jpg 1024w, https:\/\/torun.sportrebel.pl\/wp-content\/uploads\/2023\/10\/Tempish_zima_301122132458-2-GOT-1365x2048.jpg 1365w\" sizes=\"auto, (max-width: 1707px) 100vw, 1707px\" \/><\/figure>\n<\/div>\n\n\n\n<div class=\"wp-block-column trzy-obrazki-drugi is-layout-flow wp-block-column-is-layout-flow\">\n<figure class=\"wp-block-image size-full\"><img loading=\"lazy\" decoding=\"async\" width=\"1500\" height=\"2250\" src=\"https:\/\/torun.sportrebel.pl\/wp-content\/uploads\/2022\/10\/IMG_2638.jpg\" alt=\"\" class=\"wp-image-340\" srcset=\"https:\/\/torun.sportrebel.pl\/wp-content\/uploads\/2022\/10\/IMG_2638.jpg 1500w, https:\/\/torun.sportrebel.pl\/wp-content\/uploads\/2022\/10\/IMG_2638-200x300.jpg 200w, https:\/\/torun.sportrebel.pl\/wp-content\/uploads\/2022\/10\/IMG_2638-683x1024.jpg 683w, https:\/\/torun.sportrebel.pl\/wp-content\/uploads\/2022\/10\/IMG_2638-768x1152.jpg 768w, https:\/\/torun.sportrebel.pl\/wp-content\/uploads\/2022\/10\/IMG_2638-1024x1536.jpg 1024w, https:\/\/torun.sportrebel.pl\/wp-content\/uploads\/2022\/10\/IMG_2638-1365x2048.jpg 1365w\" sizes=\"auto, (max-width: 1500px) 100vw, 1500px\" \/><\/figure>\n<\/div>\n\n\n\n<div class=\"wp-block-column trzy-obrazki-trzeci is-layout-flow wp-block-column-is-layout-flow\">\n<figure class=\"wp-block-image size-full\"><img loading=\"lazy\" decoding=\"async\" width=\"1500\" height=\"999\" src=\"https:\/\/torun.sportrebel.pl\/wp-content\/uploads\/2022\/10\/CN1_3463.jpg\" alt=\"\" class=\"wp-image-334\" srcset=\"https:\/\/torun.sportrebel.pl\/wp-content\/uploads\/2022\/10\/CN1_3463.jpg 1500w, https:\/\/torun.sportrebel.pl\/wp-content\/uploads\/2022\/10\/CN1_3463-300x200.jpg 300w, https:\/\/torun.sportrebel.pl\/wp-content\/uploads\/2022\/10\/CN1_3463-1024x682.jpg 1024w, https:\/\/torun.sportrebel.pl\/wp-content\/uploads\/2022\/10\/CN1_3463-768x511.jpg 768w\" sizes=\"auto, (max-width: 1500px) 100vw, 1500px\" \/><\/figure>\n<\/div>\n<\/div>\n<\/div><\/div>\n","protected":false},"excerpt":{"rendered":"<p>SportRebel Toru\u0144 Zapraszamy do specjalistycznego sklepu rolkowo\/\u0142y\u017cwowego SPORTREBEL TORU\u0143! Sklep oferuje najwi\u0119kszy wyb\u00f3r \u0142y\u017cew rekreacyjnych, hokejowych i dla dzieci, takich marek jak&nbsp;TEMPISH, Bauer, Edea, Risport, Rollerblade. Du\u017cy wyb\u00f3r rozmiar\u00f3w,fachowa obs\u0142ugai bezpieczne zakupy Je\u015bli masz pytania, skontaktuj si\u0119 z nami! Zapraszamy ul. Genera\u0142a J\u00f3zefa Bema 2387-100 Toru\u0144Telefon: +48 506 196 076 BEZP\u0141ATNY PARKING I WYGODNE ZAKUPY &#8230; <a title=\"SportRebel Toru\u0144\" class=\"read-more\" href=\"https:\/\/torun.sportrebel.pl\/\" aria-label=\"More on SportRebel Toru\u0144\">Czytaj dalej<\/a><\/p>\n","protected":false},"author":5,"featured_media":0,"parent":0,"menu_order":0,"comment_status":"closed","ping_status":"closed","template":"","meta":{"inline_featured_image":false,"footnotes":""},"class_list":["post-8","page","type-page","status-publish"],"_links":{"self":[{"href":"https:\/\/torun.sportrebel.pl\/index.php\/wp-json\/wp\/v2\/pages\/8","targetHints":{"allow":["GET"]}}],"collection":[{"href":"https:\/\/torun.sportrebel.pl\/index.php\/wp-json\/wp\/v2\/pages"}],"about":[{"href":"https:\/\/torun.sportrebel.pl\/index.php\/wp-json\/wp\/v2\/types\/page"}],"author":[{"embeddable":true,"href":"https:\/\/torun.sportrebel.pl\/index.php\/wp-json\/wp\/v2\/users\/5"}],"replies":[{"embeddable":true,"href":"https:\/\/torun.sportrebel.pl\/index.php\/wp-json\/wp\/v2\/comments?post=8"}],"version-history":[{"count":80,"href":"https:\/\/torun.sportrebel.pl\/index.php\/wp-json\/wp\/v2\/pages\/8\/revisions"}],"predecessor-version":[{"id":389,"href":"https:\/\/torun.sportrebel.pl\/index.php\/wp-json\/wp\/v2\/pages\/8\/revisions\/389"}],"wp:attachment":[{"href":"https:\/\/torun.sportrebel.pl\/index.php\/wp-json\/wp\/v2\/media?parent=8"}],"curies":[{"name":"wp","href":"https:\/\/api.w.org\/{rel}","templated":true}]}}